 the prime factors of j.
2, 3, 7
Let w(q) = -2 + 3*q + 4 - 2*q. Let c be w(2). Let n = 9 - c. List the prime factors of n.
5
Let y be 1 - (3 + -1) - -3. Suppose 3*c - y + 56 = 0. What are the prime factors of 12/(-3)*c/8?
3
What are the prime factors of 2709/(-7)*3/(-9)?
3, 43
Let n(p) = -17*p**3 - 2*p**2 - 3*p - 3. What are the prime factors of n(-2)?
131
Suppose -u = 5*x - 94, 10*x - 102 = 5*x - 3*u. Suppose 3*r = 37 - 118. List the prime factors of (-222)/r - 4/x.
2
Let p be -2*4*15/10. Let y = 21 + p. List the prime factors of y.
3
What are the prime factors of -3 + 43 + -2 + 2?
2, 5
Let x = -5 + 12. Let v be 40/x + 8/28. Suppose 0 = 2*d - i, -2*i + v = 4*d - 5*d. What are the prime factors of d?
2
Let w(y) be the first derivative of 3/2*y**2 + 1/4*y**4 - 2 + 0*y + 2*y**3. List the prime factors of w(-5).
2, 5
Suppose -4*w - w - 2*j + 90 = 0, 2*j - 70 = -4*w. What are the prime factors of w?
2, 5
Let q = -22 + 12. Let s(o) = 0*o - 4 + 2*o - 3*o. What are the prime factors of s(q)?
2, 3
Let u(i) = 2*i**2 + 6*i + 5. Let l be u(-4). Suppose -4*r + a - l = 0, -2*r + 0*a - 8 = -2*a. List the prime factors of (-28)/(-3) - (-1)/r.
3
Suppose 23 = j - 23. What are the prime factors of j?
2, 23
Let f be (-7)/2 + (-2)/4. Let v(q) = q**2 + 5*q + 6. Let p be v(f). Suppose 2*k = 2*x, 2*x + 20 = 4*x + p*k. List the prime factors of x.
5
Suppose 50 = 3*a - 76. What are the prime factors of a?
2, 3, 7
Let o = 16 + -12. Suppose -7 = -x - 3*a, -2*x + o*x - 14 = -3*a. List the prime factors of x.
7
Suppose 0 = 7*p - 101 - 1677. List the prime factors of p.
2, 127
Suppose 0 = 5*f - 0 - 15. Suppose 29 = f*q - 4. List the prime factors of q.
11
Let d = -6 - 4. Let u = d - -14. List the prime factors of u.
2
Let t be (-20)/1*(-6 + 5). Suppose c = -3*c + t. What are the prime factors of c?
5
Suppose 11*j - 7*j = 228. List the prime factors of j.
3, 19
What are the prime factors of -939*(3 - 10/3)?
313
Let f = -10 - -14. Suppose 2*r = f*r + 36. Let j = r + 36. List the prime factors of j.
2, 3
Let n = 54 + -17. What are the prime factors of n?
37
Let m = 10 + -6. Suppose -55 = m*s - 9*s. Suppose 0 = 2*g - 0*j + j - s, -2*g + 2 = -2*j. What are the prime factors of g?
2
Suppose 0 = -a - 4*a - 15. What are the prime factors of (-3 - a - -13) + -2?
11
Suppose -3 = -b + 9. Suppose -16 = 4*m + 5*k - k, 3*m = 3*k + b. List the prime factors of -2 + 1 - (m - 15).
2, 7
List the prime factors of -25 + 22 + 11 + 1.
3
Let b be 46/14 + (-4)/14. Suppose -3*i - m + 5*m = -2, b*m = -15. What are the prime factors of (-16)/i*(5 - 2)?
2
List the prime factors of -4 + 16 + 0/2.
2, 3
Let u = -11 + 42. What are the prime factors of u?
31
Let r = -52 - -149. List the prime factors of r.
97
Suppose 0*a + 3*a - 87 = 0. List the prime factors of a.
29
Suppose 0*u - 3*u = 0. Suppose -b = -u*b - 3. Suppose 0 = 4*y + 4*l - 0*l - 44, 0 = -b*l - 3. List the prime factors of y.
2, 3
Suppose -2*t + 0*t = 2. Let x(z) = -z**3 - 2*z**2 + z - 4. Let n be x(-3). Let i = n - t. What are the prime factors of i?
3
Suppose -4*l - 74 = -2*r, -2*r + 169 = 3*r - 2*l. List the prime factors of r.
3, 11
Suppose 2*k - 8 = -2. Let s = k + 1. Suppose s = 3*p - 2*p, -3*g + 21 = 3*p. List the prime factors of g.
3
Let y = 342 - 208. List the prime factors of y.
2, 67
Suppose 4*m - 126 = 2*t, 0 = -5*m - 0*m + 4*t + 153. Suppose 4*i = -13 + m. What are the prime factors of i?
5
Suppose -v + 5*v = 232. What are the prime factors of v?
2, 29
Suppose o - 3 + 2 = 0. Suppose -o = 4*c - 9. List the prime factors of c.
2
Suppose -l = 4*l - 160. Let z(o) = -o**3 - 4*o**2 + 5*o + 4. Let u be z(-5). Suppose -l - u = -4*a. List the prime factors of a.
3
Suppose 0 = 5*q + 4*o - 20, -2*q = 3*o - 6*o - 8. Suppose -b + 22 = -5*i, 0 = -3*b - q*i + 3*i + 2. List the prime factors of b.
2
Suppose h + 5*w = -43, -w - 323 + 36 = 5*h. List the prime factors of -2 - (-2 - h)/(-2).
2, 13
Suppose -4*c - 3 = 3*s - 5, c = -1. Suppose 3*o - 133 = 4*k, -3*k = -s*o + 7*o - 183. What are the prime factors of o?
3, 13
Let c = 8 + -4. Let z = -7 + 13. Let u = z - c. List the prime factors of u.
2
Suppose 2*p - 6 = -3*a + p, 0 = -4*a - 4*p + 8. Suppose 0 = a*k - 3*k. Suppose v + v - 10 = k. What are the prime factors of v?
5
Suppose 3*h + 4*u = 31, -4*u - 7 + 43 = 4*h. Suppose 0 = h*w + 76 - 246. List the prime factors of w.
2, 17
Let g = 1 + 0. Let u be (g + -11)*(-6)/12. Suppose -9 = -5*d - 4*o + 10, 0 = 3*d - u*o - 41. What are the prime factors of d?
7
Suppose 4*r - 16 = -4*w, -r = 6*w - w - 12. Suppose 0 = -3*v - 3*i + 90, -3*i + r*i - 54 = -2*v. Suppose v = -2*b + 6*b. What are the prime factors of b?
7
Let o(v) = -2*v + 1. Let j = 8 + -9. Let c be o(j). Suppose -c*u = -3*d - 57, 5*d + 51 = 3*u - 0*d. What are the prime factors of u?
2, 11
Suppose 4*h + 2*r = 5*r + 156, -20 = -h - 4*r. Let b = -15 + h. What are the prime factors of b?
3, 7
Suppose 3*k = -5*j + 391, -k = -4*j + 3*k + 332. List the prime factors of j.
2, 5
Suppose 5*z - 322 = 5*f - 122, 2*z - 70 = 4*f. List the prime factors of z.
3, 5
Let y(v) = 120*v**3 + 4*v**2 - 4*v. List the prime factors of y(1).
2, 3, 5
Suppose 3*n + 2*n - 10 = 0. Suppose -6*p + 3*p - 26 = -n*m, 62 = 4*m - p. Suppose -9 + 42 = 4*x - 5*s, 0 = -2*x - 4*s - m. What are the prime factors of x?
2
Suppose 7*g - 2*g = -70. What are the prime factors of 4/(-14) - 116/g?
2
Suppose 5*u = 10*u - 445. List the prime factors of u.
89
Suppose 3*y = -4*s - 3, -3*s - 4*y - 11 = -0*y. What are the prime factors of (-3)/s - -8 - -3?
2, 5
Let o = -3 + 7. Suppose 2*s - 21 = -5*m, 0 = -3*s - o*m + 3*m + 64. What are the prime factors of s?
23
Let l be 184/44 - (-2)/(-11). Let m be (1 - -69) + (2 - l). What are the prime factors of (m/(-6))/(14/(-21))?
17
What are the prime factors of 13*(-2 - (4 - 7))*13?
13
Suppose -4*r + 181 = -j + 2*j, -5*j - 130 = -3*r. List the prime factors of r.
3, 5
Let b be 8/3*(-5 + 2). What are the prime factors of -1*4/8*b?
2
Let t be -2 + 6 + 2 + -3. Suppose -l - 6 = t*z - 35, -4*z = -3*l - 56. What are the prime factors of (z/(-2))/((-1)/2)?
11
List the prime factors of (-6)/(-18) - (-65)/3.
2, 11
Let g = 20 + 38. List the prime factors of g.
2, 29
Let f = 37 + 22. Let y = f + -24. List the prime factors of y.
5, 7
Let q = 31 - -51. List the prime factors of q.
2, 41
Let b = -1 + 4. Suppose -2*r + 120 = b*r. Suppose -z = -2*l - 9, 4*z + 4*l - 36 - r = 0. What are the prime factors of z?
13
Suppose -5*n - 4*x - 8 = -n, 0 = n + 5*x - 6. Suppose -60 - 60 = -2*t. List the prime factors of n*5/(t/(-9)).
3
Let z be (2 - -2) + -1 + 15. Suppose -3*c - z = -5*c. What are the prime factors of c?
3
Let o(h) = -3*h**2 - 2. Let v be o(2). Let c = v + 17. What are the prime factors of c?
3
Let y be (-7 - 0/1) + 2. Let c(w) = -w**3 - 5*w**2 + w + 5. Let b be c(y). Suppose 2*k - 4 = -b. List the prime factors of k.
2
Suppose 0 = -d - 2*d - 3, 3*d - 17 = -5*r. Suppose -52 - 24 = -r*n. What are the prime factors of n + -2 + 1/1?
2, 3
Suppose -5*l + 639 = 2*t, -l - t - 379 = -4*l. List the prime factors of l.
127
Let h = 299 - 170. List the prime factors of h.
3, 43
Let v(i) = 2*i. Let a(y) = -2 + 3 + y**3 + 2 + 4*y**2. Let m be a(-4). What are the prime factors of v(m)?
2, 3
Suppose 5*w + 30 = -20. Let o be 33/7 + w/(-35). Suppose o*i - m - 92 = 0, 3*i + 2*m - 60 = m. List the prime factors of i.
19
Let t = 14 + 38. What are the prime factors of t?
2, 13
Suppose -2*f - 332 = -6*f. List the prime factors of f.
83
Let n be 3/12 + (-495)/12. Let b = -16 - n. List the prime factors of b.
5
Suppose 3*l + 22 = 2*p - l, 2*p + 3*l = 50. Suppose -u + 4 = -0. Suppose u*a - 1 - p = 0. What are the prime factors of a?
5
Let j = -30 - -37. List the prime factors of j.
7
Suppose -3*g = -v + 120, 2*v + 5*g = v + 80. What are the prime factors of v?
3, 5, 7
Let y be (24/20)/((-1)/(-5)). Suppose g = y*g - 75. List the prime factors of g.
3, 5
Suppose x = -2*n + n + 1, n + 29 = 4*x. What are the prime factors of x?
2, 3
Suppose -4*i - 15 = -3*n - 1, 4*n - 19 = 5*i. Let c(r) = -r**2 - 12*r + 15. Let j be c(-13). Suppose -2*o = j - n. What are the prime factors of o?
2
Let l(z) = -z**3 + 5*z**2 + 2. Suppose 0 = -2*n - 3*n + 15. Suppose -2*k + n*i = 2, 3*i - 4 = 2*i. List the prime factors of l(k).
2
Let n = 136 + -85. List the